1161*y - c*y = -27. What is the greatest common factor of y and a?
27
Let k(c) = 6*c**2 + 13*c + 60. Let i be k(-4). Calculate the greatest common factor of i and 16.
8
Let s = -2 + 3. Let i be (1 - 1 - -31) + s. Suppose -2*f + 50 = 3*z, -z + f + 17 = 2*f. What is the highest common factor of i and z?
16
Let m(y) = 11*y + 116. Let q = 449 + -459. Let o be m(q). Let s(i) = -2*i. Let n be s(-2). What is the highest common factor of o and n?
2
Let y = 8477 - 8295. Calculate the greatest common divisor of y and 406.
14
Let i(v) = 3*v + 36. Let o be (1/(-1))/(6/66). Let a be i(o). Suppose -c = -a*c + 44. What is the highest common divisor of c and 2?
2
Let o(n) = 8*n**3 - 6*n**3 - 122 + 28*n - 39*n**2 + 119. Let i be o(19). What is the highest common factor of 21 and i?
21
Suppose 2*c - 246 = u - 3*u, 0 = -4*u - 20. Let x be (5/(-2) + 4)/(12/c). Let d be 1 + 0 + 46 + 1. What is the greatest common factor of x and d?
16
Let a be (-1656152)/(-124) + ((-72)/186)/6. What is the highest common factor of 4 and a?
4
Suppose -114*n = -117*n - g - 131, -3*n - 136 = -4*g. Let q(y) = y**2 + y - 19. Let o be q(0). Let m = o - n. What is the highest common factor of m and 25?
25
Suppose 0 = 5*d - 150 - 10. Suppose -4*t + m = -19, d - 3 = 5*t - 3*m. Suppose 4*c - 95 = 5*v, c + 5 = v + 28. What is the greatest common divisor of c and t?
4
Suppose 5*z - 4*w - 33 = 87, 2*z = w + 51. Let y(h) = 17*h**3 + 33*h**2 + 19*h + 46. Let u be y(-2). What is the greatest common divisor of z and u?
4
Let w be (4 - 0) + 192/(-12) + 13. Let h be (4 - 2)*(-6)/4. Let d be ((-1)/(-2))/(h/(-18)). Calculate the greatest common divisor of w and d.
1
Let z = 7815 - 7757. What is the greatest common factor of z and 6612?
58
Let w be (-166)/(-8) - 20 - (-341)/4. Calculate the greatest common divisor of w and 3182.
86
Let f be (-1883 - 0)/((-2)/8 + 0/192). Calculate the greatest common factor of f and 42.
14
Let t = -5 + 7. Suppose 41*d + 1884 - 2540 = 0. Calculate the greatest common divisor of d and t.
2
Let o(r) = -r**2 - 12*r - 28. Let z be o(-8). Suppose g - 106 = c, -g + 0*c + z*c + 100 = 0. What is the greatest common divisor of g and 72?
36
Suppose 0 = 7*u + 213*g - 218*g - 79, -56 = -2*u + 4*g. Suppose 64 + 26 = 5*m. What is the highest common factor of u and m?
2
Let q(r) = -2*r**2 - 11*r + 58. Let s be q(3). Let f = 13 + -6. What is the greatest common factor of f and s?
7
Let q be 68/5 - -6*8/120. What is the highest common factor of q and 1792?
14
Let c be ((-243)/18)/((90/8)/(-15)). Calculate the highest common divisor of c and 438.
6
Let d be 33/5 + (2046/110)/(-31) + 644. Calculate the highest common divisor of d and 1550.
50
Suppose 0 = -3*v - 12, 5*s + 369*v = 373*v + 1291. Calculate the highest common divisor of s and 867.
51
Let k = 213 + -176. Let z = 84 + k. What is the greatest common divisor of 11 and z?
11
Let v(b) be the third derivative of 1/6*b**4 + 0 + 0*b + 1/60*b**5 + 2/3*b**3 + 5*b**2. Let g be v(-5). What is the highest common divisor of 9 and g?
9
Let w = 54487 - 28953. What is the greatest common factor of w and 68?
34
Let a be (25480/50)/(6/15). Suppose 28*c - 1162 - a = 0. What is the highest common divisor of c and 116?
29
Let v(i) = -4*i**2 + 108*i - 93. Let q be v(25). Calculate the highest common factor of 6313 and q.
107
Let v = -4 + 7. Suppose 91*s + 11*s + 11*s + 4984 = 21934. Calculate the highest common factor of s and v.
3
Let h = -75 + 120. Let r be 2/(-9) + 5950/h. Let n = r + -34. Calculate the highest common factor of 14 and n.
14
Let m(h) = -h**3 - 6*h**2 + 7*h + 3. Let s be m(-7). Suppose 0 = -4*t + 20, -2*t - s = -k - 6. What is the greatest common divisor of 49 and k?
7
Let q be (-195)/12*4*-1*-2. Let l = q + 184. Suppose d + l = 10*d. Calculate the greatest common factor of 42 and d.
6
Let m(c) = c**3 - 13*c**2 + 16*c + 58. Let t be m(11). Let a be 1/((-7299)/(-912) + t). What is the highest common divisor of 57 and a?
19
Let l = -3256 + 27527. What is the greatest common divisor of 13 and l?
13
Let t = 100 - 86. Let p be t/6 + 26/(-78). Suppose p*f = 5*c - 55, -3*c - 3 = -5*f - 17. What is the greatest common divisor of 13 and c?
13
Suppose 6 = -3*d - 3*v - 18, 3*d + 4*v + 28 = 0. Let o be -6*(d - (-8)/30*-5). Calculate the greatest common divisor of o and 560.
16
Let u be 20 + 0 - (-3 - (182/(-52))/((-70)/20)). Let m be (-64)/(-6)*(-3)/(-2). Calculate the highest common divisor of m and u.
8
Let n = 1249 + -1084. Calculate the highest common divisor of n and 195.
15
Let s be (15/(-9))/(2/(-6)). Let r be -11*s/2*-6. Calculate the greatest common factor of r and 33.
33
Let l be 5*51 + 9 + -9. Calculate the greatest common factor of 459 and l.
51
Suppose s + 4*s = 55. Let q(n) = 66*n + 70*n - n**2 + 20 - 148*n. Let h be q(-7). What is the highest common divisor of h and s?
11
Let o = -12935 + 12987. What is the greatest common divisor of o and 169?
13
Let b = -68 + 108. Suppose -6130 = -39*y + 1670. Calculate the highest common factor of b and y.
40
Suppose -26*q + 21*q = -v + 4240, 5*v = -q + 21252. Calculate the greatest common divisor of 625 and v.
125
Let j(y) = 68*y**2 + 2*y + 2. Let g be j(-1). Suppose -o = -4*d - g, -3 - 1 = -d. Suppose -f - 84 = -4*f. What is the highest common factor of o and f?
28
Suppose 53*r + 1135 - 30499 - 78385 = 0. Calculate the greatest common divisor of 152 and r.
19
Suppose 0 = -1145*k + 1146*k - 264. Calculate the highest common divisor of 408 and k.
24
Suppose -5*n + 29 + 31 = 0. Suppose -5*g - 653 = 92. Let u = g + 185. Calculate the greatest common divisor of n and u.
12
Suppose 458 - 4989 = -44*s + 309. What is the highest common divisor of s and 1210?
110
Let i = 1791 + -1008. Calculate the highest common divisor of i and 3045.
87
Let b = -117 + 171. Suppose -4*c - 665 = -229. Let x = 190 + c. What is the highest common divisor of x and b?
27
Suppose -16329 = -45*z + 10671. What is the highest common factor of z and 224?
8
Suppose 26*f - 75 = f. Let m(x) = 4*x**2 + 2*x - 3. Let k = -6 + 3. Let p be m(k). Calculate the highest common divisor of p and f.
3
Let i = 3025 + -2677. Calculate the highest common divisor of 1992 and i.
12
Suppose -22*f - 110529 = 9*f - 551907. Calculate the greatest common factor of 126 and f.
126
Let c(k) be the first derivative of 2*k**3/3 + 35*k**2 + 68*k - 67. Let j be c(-35). Calculate the highest common factor of 12 and j.
4
Suppose 5 - 11 = 2*q, 0 = -4*a + 5*q - 1473. Let p = 251 + a. Let l = 131 + p. What is the highest common divisor of 90 and l?
10
Suppose -1146*s = -1141*s - 5550. Calculate the greatest common divisor of s and 30.
30
Let j = 3064 - 3060. Calculate the greatest common factor of 47 and j.
1
Suppose 1003 = p - 392. Calculate the greatest common factor of 285 and p.
15
Suppose -3*t + 15 = -0. Suppose t*s = 29 + 11. Let x(k) = 32*k + 320. Let o be x(-9). What is the greatest common divisor of o and s?
8
Let a = 302 + -227. What is the highest common divisor of 2130 and a?
15
Let l = 1765 + -1471. What is the highest common factor of l and 2499?
147
Let q(s) = -2*s**3 - 66. Let y be q(0). Let b be (44/y)/(1/(-54)). Calculate the highest common divisor of b and 1152.
36
Let k be (-6 - (-25 + 6))*(7 - 0). Suppose -202 = -3*c + 5*z, -3*c - z + 99 = -k. What is the greatest common divisor of 8 and c?
8
Let j = 7166 - 6261. What is the highest common divisor of j and 1629?
181
Let a(p) = -28*p + 11. Let q be a(0). Let z be (3 - 2)*-4 + 125. What is the greatest common factor of z and q?
11
Let n be 0/(1*(-12 - -10)). Suppose 2*z - 11 = 3. Suppose n = 2*g + z - 55. Calculate the highest common divisor of 24 and g.
24
Let s(t) = 2*t**2 - 260*t - 4580. Let m be s(-17). What is the greatest common divisor of 323 and m?
19
Let q(d) = -d**3 + 16*d**2 - 87*d + 890. Let f be q(14). Let z(i) = -23*i + 2. Let s be z(-2). Calculate the highest common factor of s and f.
16
Let a be (-36 - 48)/((-6)/9) + (5 - 0). What is the highest common factor of 27379 and a?
131
Suppose 1264 = 17*k + 159. Calculate the highest common factor of k and 481.
13
Suppose -4*v = 0, 2*v + 3*v + 80 = 4*z. Let q = 78 + -363. Let y = q - -290. What is the greatest common divisor of z and y?
5
Suppose 3*x + c = 27304, 0 = -2*x - c + 14866 + 3338. Suppose 13*w = x + 2860. What is the h